st common divisor of 2660552 and 24?
8
What is the greatest common divisor of 8375 and 301295650?
1675
What is the highest common factor of 19617647 and 1141?
7
Calculate the highest common factor of 41386093 and 3662.
1831
Calculate the highest common divisor of 6338588 and 9964.
212
What is the greatest common factor of 100571202 and 18?
18
What is the highest common factor of 149298 and 10143246?
1002
What is the greatest common divisor of 4061944 and 72?
8
Calculate the highest common factor of 87975924 and 4068.
1356
What is the highest common divisor of 319375 and 84875?
875
Calculate the highest common divisor of 953378314 and 266.
266
Calculate the greatest common divisor of 5443287408 and 848.
848
What is the greatest common factor of 161348 and 72688?
44
What is the highest common factor of 12406291 and 4511?
347
Calculate the greatest common divisor of 9517 and 1229026.
31
Calculate the greatest common factor of 161136 and 1336459.
373
What is the highest common factor of 34980 and 11136678?
318
Calculate the highest common divisor of 25947 and 318101571.
8649
What is the greatest common divisor of 192 and 2717532?
12
Calculate the greatest common factor of 3574 and 5084015.
1787
Calculate the greatest common factor of 190816 and 446246.
178
Calculate the highest common factor of 25280 and 2329868.
316
What is the greatest common divisor of 18439224 and 204?
12
What is the highest common factor of 3190 and 2001010?
110
What is the highest common factor of 70908 and 38304?
228
Calculate the greatest common factor of 3438475 and 2525.
25
What is the greatest common divisor of 4147 and 180466?
143
What is the highest common divisor of 301794 and 122973?
537
Calculate the greatest common divisor of 841833 and 57.
57
What is the greatest common divisor of 178 and 39206?
2
What is the greatest common divisor of 1470 and 169430?
10
Calculate the highest common factor of 1417374 and 140238.
882
Calculate the highest common divisor of 38600271 and 477.
477
Calculate the greatest common factor of 274949 and 105289.
499
Calculate the greatest common factor of 343570 and 1135802.
4042
Calculate the highest common divisor of 915 and 20544.
3
What is the greatest common factor of 1618403058 and 1566?
1566
Calculate the highest common divisor of 145235862 and 918.
918
What is the greatest common factor of 1228767728 and 16?
16
Calculate the greatest common divisor of 15799733 and 1555.
311
Calculate the greatest common factor of 104022 and 21210.
6
Calculate the highest common factor of 134 and 660064436.
134
What is the greatest common factor of 415535 and 3075?
205
What is the greatest common factor of 36259 and 2146461?
359
Calculate the highest common factor of 95615 and 31135.
65
What is the highest common divisor of 32395 and 26800895?
1705
What is the greatest common factor of 2394798 and 30?
6
What is the highest common factor of 8096816 and 332?
332
What is the highest common divisor of 5120265 and 8166315?
14505
What is the highest common divisor of 27108444 and 12144?
3036
Calculate the highest common factor of 8726500 and 360.
20
What is the greatest common factor of 48 and 520145928?
24
Calculate the highest common divisor of 6163996 and 12.
4
What is the highest common factor of 7522434 and 28782?
738
What is the highest common divisor of 6312 and 776856?
24
Calculate the highest common factor of 596755 and 8241.
41
What is the greatest common factor of 3297 and 52941?
21
What is the greatest common factor of 1075 and 2979075475?
1075
Calculate the greatest common divisor of 3772796 and 50.
2
What is the highest common divisor of 2646 and 14197848?
294
What is the greatest common factor of 2472 and 835492328?
824
Calculate the highest common divisor of 42333 and 487911.
309
What is the highest common factor of 930545 and 30415?
385
Calculate the highest common factor of 33 and 7543371.
33
Calculate the greatest common factor of 7821 and 14676.
3
Calculate the greatest common factor of 207246734 and 1142.
1142
What is the highest common divisor of 3654731 and 211?
211
Calculate the highest common factor of 128144 and 111536.
16
Calculate the highest common factor of 57 and 22459083.
57
What is the greatest common factor of 407940 and 496860?
780
What is the highest common factor of 115 and 7435?
5
Calculate the highest common divisor of 6 and 3431758.
2
What is the greatest common factor of 974 and 2882553?
487
What is the highest common divisor of 1853 and 462762661?
1853
Calculate the greatest common divisor of 30666 and 35625822.
1614
Calculate the greatest common factor of 3373546 and 242.
22
What is the highest common divisor of 276731632 and 16?
16
Calculate the highest common factor of 344 and 76357207.
43
What is the highest common divisor of 83733 and 111313362?
6441
What is the greatest common divisor of 2712 and 2847996?
12
Calculate the highest common factor of 4880326 and 5423.
187
Calculate the greatest common divisor of 128 and 15263632.
16
What is the greatest common divisor of 6080987 and 12529?
737
Calculate the greatest common factor of 10349 and 233603.
79
What is the greatest common factor of 724415694 and 12?
6
Calculate the greatest common divisor of 11196576 and 912.
48
What is the greatest common factor of 153900 and 948?
12
What is the greatest common divisor of 2921731 and 1219?
53
What is the greatest common factor of 189 and 7204932?
63
What is the highest common factor of 31944083 and 904?
113
What is the highest common factor of 14107500 and 33?
33
What is the greatest common divisor of 11265 and 925?
5
Calculate the highest common divisor of 30252452 and 986.
986
What is the highest common factor of 80046725 and 605?
55
Calculate the highest common factor of 14292690 and 96.
6
Calculate the greatest common factor of 13273716 and 787488.
7572
What is the highest common divisor of 6719765 and 11323?
871
What is the highest common divisor of 3860040 and 473670?
570
Calculate the highest common factor of 530 and 4534415.
265
Calculate the highest common factor of 12741 and 169632.
93
Calculate the greatest common divisor of 20478283 and 63.
7
What is the greatest common divisor of 4245 and 541545?
15
Calculate the greatest common factor of 110204631 and 3888.
243
Calculate the greatest common factor of 1009064 and 3256.
296
What is the highest common factor of 725 and 172660925?
725
Calculate the highest common divisor of 1042083 and 35819.
833
What is the greatest common divisor of 900 and 256654200?
300
Calculate the highest common factor of 250616020 and 40.
20
Calculate the greatest common factor of 8256 and 7866592.
1376
Calculate the greatest common divisor of 47952 and 14412.
12
What is the greatest common factor of 81057 and 671521?
659
Calculate the highest common factor of 115011 and 26585.
13
What is the greatest common factor of 14857415 and 9545?
415
Calculate the greatest common divisor of 716661231 and 11154.
5577
Calculate the highest common factor of 7015 and 23853415.
115
What is the highest common divisor of 1071 and 2456007?
51
Calculate the highest common factor of 3606639 and 23547.
141
Calculate the greatest common divisor of 5306 and 1904096.
758
What is the greatest common factor of 231807195 and 4257?
387
Calculate the greatest common divisor of 50481 and 628776.
639
What is the greatest common divisor of 747280835 and 815?
815
What is the highest common divisor of 18 and 40751811?
9
What is the greatest common divisor of 21903 and 111964113?
447
Calculate the greatest common divisor of 4980039 and 636.
159
Calculate the highest common factor of 52513272 and 4896.
1224
Calculate the greatest common factor of 694194 and 1888.
118
Calculate the highest common divisor of 4610 and 57410.
10
Calculate the greatest common divisor of 540 and 6668670.
30
Calculate the greatest common divisor of 3476 and 504289390.
1738
What is the greatest common factor of 7447868 and 1096?
548
What is the greatest common divisor of 741270789 and 7?
7
What is the greatest common factor of 343 and 102290489?
343
Calculate the greatest common divisor of 1696013 and 99.
11
Calculate the highest common factor of 48177 and 54.
9
What is the greatest common divisor of 769299 and 7395912?
2217
Calculate the 